- 13?
-2125220
In base 11, what is 6a917 - 4?
6a913
In base 6, what is 5 - 213000?
-212551
In base 8, what is 7 - 535177?
-535170
In base 7, what is -62406 - -5?
-62401
In base 2, what is -101011011000 + 11111101100?
-1011101100
In base 8, what is -10565 + 33?
-10532
In base 7, what is 14 - 51360?
-51343
In base 12, what is -3489a + -24?
-34902
In base 6, what is -13540220 - 4?
-13540224
In base 13, what is 2 + -2821?
-281c
In base 12, what is -22845 - -9?
-22838
In base 6, what is -315 + -2553?
-3312
In base 16, what is 4225 + -4?
4221
In base 11, what is -7 + 3a1a?
3a13
In base 15, what is a - 46a7?
-469c
In base 2, what is 101 - 1100100011010100?
-1100100011001111
In base 13, what is 82 - 1095?
-1013
In base 13, what is 31 - -2997?
29c8
In base 14, what is -db - -3832?
3735
In base 12, what is 404 + -4a?
376
In base 6, what is 323 + 2054?
2421
In base 16, what is e97 - 28?
e6f
In base 3, what is 10 + 101020122?
101020202
In base 2, what is 11 - -1011001010110000?
1011001010110011
In base 16, what is 22 + -6d8?
-6b6
In base 14, what is 27282 - -4?
27286
In base 14, what is -1b21ba9 + 4?
-1b21ba5
In base 7, what is 23434110 - -1?
23434111
In base 6, what is -1 + -21004312?
-21004313
In base 12, what is 58b + -26?
565
In base 4, what is 1 + 101212311?
101212312
In base 14, what is 1a3 + 404a?
420d
In base 9, what is -440228 - -3?
-440225
In base 5, what is -10 + 1400032?
1400022
In base 6, what is -2121 - 22201?
-24322
In base 5, what is 10 + 1021130?
1021140
In base 11, what is 350 - a?
341
In base 9, what is -107233 + -1?
-107234
In base 2, what is 1110111011 - -111101001010?
1001100000101
In base 8, what is -2476724 + -5?
-2476731
In base 7, what is -53 - -354566?
354513
In base 5, what is -31144 - -1234?
-24410
In base 12, what is -47434 + -1?
-47435
In base 3, what is 20221 - -201000110?
201021101
In base 13, what is 16 + -ba48?
-ba32
In base 10, what is 26540 + 27?
26567
In base 11, what is 281 + 93a4?
9675
In base 15, what is a - -3083?
308d
In base 15, what is 18 + 6e0c?
6e25
In base 10, what is 0 - 110215?
-110215
In base 3, what is -12 - -12120202002?
12120201220
In base 5, what is -12224 + -41?
-12320
In base 12, what is 2375 - -246?
25bb
In base 7, what is 1 + -2435560?
-2435556
In base 5, what is -2 + 130012?
130010
In base 4, what is 2021 - -13001?
21022
In base 10, what is 30 + 1654?
1684
In base 4, what is -2211310 - 10?
-2211320
In base 2, what is 11001111 - -10110?
11100101
In base 2, what is -11 - -10010000011111?
10010000011100
In base 16, what is 47ff + -c?
47f3
In base 13, what is -10a + -177?
-284
In base 12, what is ab55 - -5?
ab5a
In base 12, what is 1746 + 4?
174a
In base 10, what is -264146 + 5?
-264141
In base 3, what is -11110102221 + -210?
-11110110201
In base 12, what is -224bb + 7?
-224b4
In base 5, what is -1043012 + 20?
-1042442
In base 5, what is -3011 + 123?
-2333
In base 16, what is 240de6 - 4?
240de2
In base 3, what is -1021000 - -10122?
-1010101
In base 3, what is -10200220012 + -12?
-10200220101
In base 6, what is 1211 + 4015?
5230
In base 15, what is -1 - b8572?
-b8573
In base 2, what is 10001101 - 110010111110?
-110000110001
In base 15, what is 1248 - 26?
1222
In base 16, what is -62 - 93aa?
-940c
In base 13, what is 63a + 30?
66a
In base 2, what is -100 + 10111010011001100010?
10111010011001011110
In base 2, what is -10001110110010 - -100000?
-10001110010010
In base 9, what is 266 - -1078?
1355
In base 16, what is 55f1 - -43?
5634
In base 12, what is 206a - 14?
2056
In base 5, what is -3 + 1244334?
1244331
In base 16, what is -6 + -920f?
-9215
In base 2, what is 1000 - 1001000101010010000?
-1001000101010001000
In base 6, what is -20053302 + -4?
-20053310
In base 11, what is 11 + 324?
335
In base 14, what is -4 - a8b2?
-a8b6
In base 15, what is 4 - 434b?
-4347
In base 6, what is -45 - 1535?
-2024
In base 5, what is 2 + -401434?
-401432
In base 16, what is -94c + 21?
-92b
In base 14, what is 3458 + 21?
3479
In base 14, what is 46cc1 - 1?
46cc0
In base 8, what is 120353 + 16?
120371
In base 4, what is 10002311 - 111?
10002200
In base 11, what is -40 - 1010?
-1050
In base 11, what is 14320 + -7?
14314
In base 2, what is 111110011011011110 - 0?
111110011011011110
In base 4, what is 10 + 3210233?
3210303
In base 16, what is 1b8 + 8a7?
a5f
In base 6, what is 5145055 - -2?
5145101
In base 6, what is -233 + -1310?
-1543
In base 8, what is 227 - 7023?
-6574
In base 15, what is -220 - -13ea?
11ca
In base 10, what is -13450 - 1?
-13451
In base 3, what is 2 + -102121011?
-102121002
In base 15, what is -3 + 6da?
6d7
In base 12, what is -1 + 287778?
287777
In base 3, what is 122 - 2020122?
-2020000
In base 2, what is -1100101001110101 - 101?
-1100101001111010
In base 9, what is -166 - 1727?
-2004
In base 16, what is -c + -1f1d?
-1f29
In base 4, what is -120221112 - -31?
-120221021
In base 15, what is -baa4 + 4?
-baa0
In base 12, what is -232 + 6?
-228
In base 15, what is 46a0a + -4?
46a06
In base 2, what is -100 + 1011010110100001001?
1011010110100000101
In base 11, what is 7532 - 3?
752a
In base 3, what is -100012221222 - 0?
-100012221222
In base 2, what is -11001011 - 1111010?
-101000101
In base 13, what is 0 + -22664?
-22664
In base 10, what is 6 + 316302?
316308
In base 14, what is ad04 - 0?
ad04
In base 7, what is 1636310 + -5?
1636302
In base 10, what is -2 - -20064?
20062
In base 2, what is 110100000100000100 + -10?
110100000100000010
In base 12, what is -2 - -1413?
1411
In base 3, what is 0 + 10002120212?
10002120212
In base 4, what is 2 + -10000022?
-10000020
In base 10, what is 332853 - 3?
332850
In base 3, what is -100211202002 + -10?
-100211202012
In base 16, what is 74c + 34?
780
In base 10, what is -13 + 1807?
1794
In base 14, what is 11 - -10b5?
10c6
In base 7, what is 13 - -32500?
32513
In base 16, what is -19 + -2173a?
-21753
In base 4, what is 11 + 1233220212?
1233220223
In base 3, what is 22202 + 100?
100002
In base 15, what is -1b + -8cc?
-8e8
In base 14, what is -7560 + -1?
-7561
In base 5, what is 221 - 1112200?
-1111424
In base 4, what is 20312 - 203233?
-122321
In base 10, what is -5 - 435442?
-435447
In base 2, what is -10101001000 + 100001?
-10100100111
In base 2, what is -10 + -10111001100011011?
-10111001100011101
In base 6, what is -411 - -13?
-354
In base 6, what is -43525 + -11?
-43540
In base 16, what is -87fa + -11?
-880b
In base 12, what is -10b - 1097?
-11a6
In base 10, what is 2169 - -450?
2619
In base 2, what is -111100010 + 10010011000?
1010110110
In base 14, what is 76 - bd8?
-b62
In base 6, what is 20 - -2312210?
2312230
In base 9, what is -3636 - -478?
-3147
In base 8, what is -53406 - 65?
-53473
In base 2, what is -101 + 1111000100010?
1111000011101
In base 4, what is 12 - 201302233?
-201302221
In base 16, what is 12824 - 2?
12822
In base 2, what is -110111 + -111110001110001?
-111110010101000
In base 7, what is 65 + -1330?
-1232
In base 7, what is 10536 - 64?
10442
In base 15, what is 2 - -409a?
409c
In base 4, what is 3 - -2233021122?
2233021131
In base 6, what is -540225 + -5?
-540234
In base 6, what is 1004 + -4300?
-3252
In base 12, what is ab93 + -5?
ab8a
In base 16, what is 157 - -77f?
8d6
In base 16, what is -1d + 1e00?
1de3
In base 14, what is -2 + -5075?
-5077
In base 7, what is 25 - -24320?
24345
In base 12, what is 34a9 + -163?
3346
In base 7, what is 115265 + -223?
115042
In base 9, what is -183 + 380?
186
In base 12, what is -650 - 104?
-754
In base 5, what is 14 - -32203?
32222
In base 4, what is 201023223 - 13?
201023210
In base 10, what is 7 + -546?
-539
In base 9, what is 1332 - 463?
758
In base 16, what is -264 - 12ee?
-1552
In base 12, what is -122 - -735?
613
In base 6, what is -54301200 - 1?
-54301201
In base 8, what is -1 - 3764217?
-3764220
In base 10, what is -19569 + 7?
-19562
In base 7, what is 226562 - -34?
226626
In base 15, what is 5 + -33c6?
-33c1
In base 9, what is 5 - -8130?
8135
In base 5, what is 2402100 + 3?
2402103
In base 5, what is -1041242 + 30?
-1041212
In base 10, what is -9754 + 4?
-9750
In base 2, what is 110100100110 + -100101?
110100000001
In base 15, what is -1b - 1596?
-15b2
In base 5, what is 4222 + -113?
4104
In base 2, what is -110101010101 - -111?
-110101001110
In base 3, what is 122 + 210012220?
210020112
In base 7, w